greatest common divisor of 126 and h.
18
Let r(k) = 18*k + 2. Let z be r(5). Let c = 1168 + -1234. Let n = z + c. Calculate the greatest common factor of n and 234.
26
Let k be (222/(-8))/(1/4). Let w = k - -219. Let a be (w/(-15))/(6/(-40)). What is the greatest common divisor of 6 and a?
6
Let q be 4*357/(-56)*-6. Calculate the greatest common factor of q and 51.
51
Suppose 12 = -0*r + 2*r. Suppose -7*t + 9*t = 6. Suppose -6 + 0 = -t*o. Calculate the highest common divisor of o and r.
2
Let q(p) = 232*p**2 + 33*p + 1. Let u be q(-1). What is the highest common factor of u and 8?
8
Let a(o) = o**2 - 15*o + 15. Let l(b) = b**2 - b. Let h(u) = a(u) - 2*l(u). Let i be h(-13). Calculate the highest common divisor of 120 and i.
15
Let o be (-4)/(-3 + 15/6). Let y be (-3)/15*0 + 1. Let p = o + y. Calculate the highest common factor of 81 and p.
9
Let t = -135 - -305. Calculate the highest common divisor of t and 102.
34
Suppose 2*k - 18 = -12. Suppose 17 = 2*j - k. Calculate the greatest common factor of j and 5.
5
Suppose 5*s + 2*t = 602, -2*s + 4*t + 626 = 3*s. Let y = -68 + s. Calculate the greatest common factor of 27 and y.
27
Let u = -358 + 362. Let b be (-1 - 2/(-4))*-8. Calculate the highest common factor of b and u.
4
Let k(z) = -z**2 - 16*z - 27. Let j be k(-12). Let n = j - 3. Calculate the highest common divisor of 9 and n.
9
Let a = 19 + -16. Let t be (-2)/(-8) + (-236)/(-16). What is the highest common factor of t and a?
3
Let b be 14*(12 + (-528)/56). Calculate the highest common divisor of 54 and b.
18
Suppose -4*d = -2*d - 54. What is the highest common divisor of d and 288?
9
Suppose l - 8 = -3*q + 9, 0 = -3*l + q + 11. Suppose -l = n, 4*v + n = 6*n - 71. Let j = 38 + v. Calculate the highest common factor of j and 98.
14
Let i = 9 + -4. Suppose -9 + 7 = 2*u. Let j = 19 - u. What is the greatest common divisor of i and j?
5
Suppose 0 = k + 4*k - 20. Let r be (-2)/k + (-63)/(-6). Let w = -213 - -253. What is the highest common divisor of r and w?
10
Let q(l) = 3*l + 18. Let w be q(7). Let s = 53 - w. What is the greatest common factor of 112 and s?
14
Let n = 680 + -644. Calculate the greatest common factor of n and 44.
4
Let i(x) = -2*x**3 - x**2 + 3*x + 4. Let j be i(-2). Let d = j + -10. Suppose d*b = -b + 13. What is the highest common divisor of b and 52?
13
Let w(h) = -35*h**3 + 6*h**2 + 4*h + 4. Let t be w(-2). Calculate the greatest common factor of 225 and t.
75
Suppose 0 = 2*y - z - 15, 0*z = 2*y + 2*z - 18. Suppose y*t = 9*t - 14. What is the highest common factor of 126 and t?
14
Let p = -96 + 136. Let q be 27/(-36) - (-46)/8. What is the highest common divisor of p and q?
5
Let i be (282/(-10)*-1)/((-14)/(-910)). What is the highest common factor of i and 39?
39
Let j = 33 + -13. Let c = -139 - -142. Suppose -10 = -c*a + j. Calculate the greatest common factor of a and 4.
2
Suppose -2*u + 0 - 20 = -5*l, u + 7 = 4*l. Let j = u + 37. Calculate the greatest common divisor of j and 2.
2
Let h = 729 - 596. What is the highest common factor of h and 28?
7
Suppose g - 24 = 4*v, 7*g + 3*v = 10*g - 63. Let t(i) = i**3 + 180. Let p be t(0). What is the highest common factor of p and g?
20
Let a be ((-2)/(-4))/(15 - (-10549)/(-704)). Calculate the greatest common factor of 10 and a.
2
Let a be (9/45*56)/(1/5). Let k = a + -26. Calculate the highest common divisor of 45 and k.
15
Let h = 340 - 332. What is the highest common factor of h and 248?
8
Let z = -4 + 6. Let h be (-1052)/(-20) + z/5. Suppose -43 = -2*l + h. What is the highest common factor of 16 and l?
16
Let q = 152 - 86. What is the greatest common divisor of 6 and q?
6
Let t = -3 - -16. Suppose -4*x = m - 20, t = 3*x + 3*m - 11. Calculate the highest common divisor of 32 and x.
4
Let n be (-854)/(-28) - (-3)/2. Suppose 2*x + 2*f = n, 3*f + f + 21 = x. Calculate the highest common divisor of x and 17.
17
Let c = -31 - -67. Suppose 0*x = 4*x + 96. Let s be (-36)/((-4)/(x/(-9))). Calculate the greatest common factor of s and c.
12
Let a be -51*(-2)/27 + 6/27. Suppose 5*q - 5*o - 140 = 0, 3*q - a*o - o = 92. Suppose 2*k - 5 = 67. What is the highest common factor of k and q?
12
Let g be (-6 - -12) + (-3 - (-31)/1). Calculate the highest common factor of g and 782.
34
Let m be (-6)/(-9)*(6 + 6). Suppose 0 = 5*k - m*k - 2*b + 26, -48 = -4*k + 4*b. Calculate the greatest common factor of 15 and k.
5
Let m = 97 - -223. What is the highest common factor of 20 and m?
20
Let q(v) = v**2 - 6*v + 4. Let s be ((-6)/(-15))/((-4)/20). Let d be s/1 + 7 - -2. Let u be q(d). What is the greatest common factor of u and 99?
11
Suppose -3*q = -0*q - 60. Let h be 176/q - 1/(-5). Calculate the greatest common divisor of h and 9.
9
Let k be (-256)/(-7) + 156/364. What is the highest common divisor of k and 1?
1
Let r(m) = -43*m - 226. Let v be r(-6). Calculate the greatest common factor of v and 136.
8
Let r = 155 - -41. Let p(x) = -2*x**3 - 2*x**2 + 2*x - 2. Let s be p(-3). Calculate the greatest common factor of s and r.
28
Let s be (-8)/4*(0 - 33). Suppose 0 = -2*j + 8 + 4. Calculate the highest common factor of s and j.
6
Suppose -38 = -3*n + 2*s, 2*n - 12 - 10 = 2*s. What is the highest common factor of 1 and n?
1
Let x = 625 - 352. What is the greatest common factor of 21 and x?
21
Let x = 427 + -422. Let t be 30/7 - (-2)/(-7). Suppose 0*h - 5*h = x, h = -t*j + 123. Calculate the highest common factor of j and 155.
31
Suppose -a + 3*a = -3*x, 3*x = -3*a + 3. Suppose a*m - 128 = 292. Calculate the greatest common divisor of 28 and m.
28
Let t(d) = -12*d**3 - d**2 + 2*d + 2. Let v be t(-2). Let m = -1091 - -1151. Calculate the highest common factor of v and m.
30
Let a be 14/2 - (-42 + -575). What is the highest common factor of a and 39?
39
Let s be 215*(594/55)/18. What is the highest common factor of s and 129?
129
Let u(x) = 5*x**2 + 13. Let k(d) = -14*d**2 - d - 39. Let p(q) = -6*k(q) - 17*u(q). Let c be p(7). Calculate the greatest common divisor of 4 and c.
2
Let z be (17/68)/(2/248). Suppose -9*g - z = -103. Calculate the greatest common factor of g and 88.
8
Let j = 319 - 300. What is the greatest common factor of 133 and j?
19
Suppose 4*f + 116 = 4*u - 88, 5*f + 256 = 4*u. Let r(y) = -14*y + 9. Let o be r(-5). Let p = f + o. Calculate the greatest common factor of 3 and p.
3
Let g be (20/(-12))/5 + (-13)/(-3). What is the greatest common divisor of g and 10?
2
Let u(m) = -m**3 + 12*m**2 + 4*m + 14. Let l be u(13). Let d = -90 - l. Calculate the greatest common divisor of d and 26.
13
Let r(q) = -58*q + 65. Let y be r(-6). What is the greatest common factor of 59 and y?
59
Suppose 3*q - 24 = -5*w, 0 = -5*w + 5*q + 16 + 24. Let m(a) = a**3 - a**2 + a + 18. Let h be m(0). Calculate the highest common factor of w and h.
6
Let u = -53 - -34. Let y = u + 55. What is the highest common factor of 90 and y?
18
Suppose 2*s + 5*q = 2*q, -4*s = 5*q - 4. Let d = 15 + s. Calculate the greatest common factor of 21 and d.
21
Suppose 44*f - 1170 = 39*f - 5*c, 3*f + 4*c = 698. Calculate the greatest common factor of 442 and f.
34
Suppose s = -2 - 0. Let u be ((-3)/s)/(15/50). Suppose z - b = u*z - 26, 0 = -z + b + 9. What is the highest common divisor of 49 and z?
7
Let x(r) = r**3 - 9 + 10*r**2 + 15*r**2 - 23*r - 4*r**2 - 6. Let k be x(-22). What is the highest common factor of k and 63?
7
Suppose 3*i + 16 = -3*u - 2*i, 5*u + 4*i + 5 = 0. Suppose -p - u*w = w - 36, -w - 61 = -p. Suppose q + 0 = 7. What is the greatest common divisor of p and q?
7
Let k(a) = a**2 + 13*a - 10. Let v be k(-15). Suppose 5 = 5*r - v. Calculate the highest common divisor of 45 and r.
5
Suppose 3*n + 72 = 654. What is the greatest common factor of n and 2?
2
Let v(q) = 2*q**2 - 4*q - 6. Let g be v(-3). Suppose 4*p - 72 = p. Calculate the greatest common factor of p and g.
24
Suppose 2*m - 11 = -5*r + 9, -r + 4 = 4*m. Let p be 6/(-2) - (107 + -113). Calculate the highest common divisor of p and r.
1
Let v = -9 - -15. Let w(f) = -f**2 - 14*f - 39. Let m be w(-6). What is the greatest common factor of v and m?
3
Let u(g) = 4*g**2 + 8*g + 14. Let o be u(-7). Let z = 22 + 24. Suppose 9 = m + f, 2*f = 3*m - 7*m + z. Calculate the highest common divisor of m and o.
14
Let a be (-2)/(-28) + 2505/210. Let d be (12 + 0)*(5 